{"id":110,"date":"2015-06-18T19:35:12","date_gmt":"2015-06-18T17:35:12","guid":{"rendered":"http:\/\/engineertroops.no-ip.org\/domarringen\/?page_id=110"},"modified":"2025-03-14T10:06:17","modified_gmt":"2025-03-14T09:06:17","slug":"forrad","status":"publish","type":"page","link":"https:\/\/domarringen.eu\/index.php\/forrad\/","title":{"rendered":"F\u00f6rr\u00e5d"},"content":{"rendered":"<div id=\"pl-110\"  class=\"panel-layout\" ><div id=\"pg-110-0\"  class=\"panel-grid panel-no-style\" ><div id=\"pgc-110-0-0\"  class=\"panel-grid-cell\" ><div id=\"panel-110-0-0-0\" class=\"so-panel widget widget_black-studio-tinymce widget_black_studio_tinymce panel-first-child panel-last-child\" data-index=\"0\" ><div class=\"textwidget\"><p><span class=\"\" style=\"display:block;clear:both;height: 0px;padding-top: 20px;border-top-width:0px;border-bottom-width:0px;\"><\/span><\/p>\n<p>F\u00f6rr\u00e5d<\/p>\n<p>Samf\u00e4lligheten tillhandah\u00e5ller\u00a0en del material\u00a0som finns f\u00f6r utl\u00e5ning.<\/p>\n<p><strong>Allt som l\u00e5nas ska \u00e5terl\u00e4mnas helt och rengjort<\/strong><\/p>\n<p><strong>Material som finns tillg\u00e4ngligt i f\u00f6rr\u00e5det<\/strong><\/p>\n<p>Partyt\u00e4lt 2 stycken\u00a0 3*6m\u00a0\u00a0\u00a0\u00a0\u00a0\u00a0\u00a0\u00a0\u00a0\u00a0\u00a0\u00a0\u00a0bokas i bokningssystemet \u00a0<a href=\"https:\/\/www.supersaas.se\/schedule\/Domarringen\/partytent\" target=\"_blank\" rel=\"noopener\">klicka h\u00e4r<\/a><\/p>\n<p>Monteringsanvisning till partyt\u00e4lt <a href=\"https:\/\/domarringen.eu\/wp-content\/uploads\/2022\/06\/Partytalt-monteringsanvisning.pdf\" target=\"_blank\" rel=\"noopener\">klicka h\u00e4r<\/a><\/p>\n<p>Stolar och bord\u00a0\u00a0\u00a0\u00a0\u00a0\u00a0\u00a0\u00a0\u00a0\u00a0\u00a0\u00a0\u00a0\u00a0\u00a0\u00a0\u00a0\u00a0\u00a0\u00a0\u00a0\u00a0\u00a0\u00a0\u00a0\u00a0\u00a0\u00a0\u00a0\u00a0\u00a0bokas i bokningssystemet\u00a0<a href=\"https:\/\/www.supersaas.se\/schedule\/Domarringen\/stolar\" target=\"_blank\" rel=\"noopener\">klicka h\u00e4r<\/a><\/p>\n<p>(3 nya plastbord, 1 st plastbord och 1 tr\u00e4bord och stolar)<\/p>\n<p>St\u00f6rre kolgrill\u00a0\u00a0\u00a0\u00a0\u00a0\u00a0\u00a0\u00a0\u00a0\u00a0\u00a0\u00a0\u00a0\u00a0\u00a0\u00a0\u00a0\u00a0\u00a0\u00a0\u00a0\u00a0\u00a0\u00a0\u00a0 \u00a0\u00a0\u00a0\u00a0\u00a0\u00a0\u00a0 bokas i bokningssystemet\u00a0\u00a0<a href=\"https:\/\/www.supersaas.se\/schedule\/Domarringen\/kolgrill\" target=\"_blank\" rel=\"noopener\">klicka h\u00e4r<\/a><\/p>\n<p><a href=\"https:\/\/domarringen.eu\/wp-content\/uploads\/2023\/07\/Mindre_kolgrill.jpg\" target=\"_blank\" rel=\"noopener\">Mindre kolgrill 70*40 cm\u00a0<\/a> \u00a0 \u00a0 \u00a0 \u00a0 \u00a0 \u00a0bokas i bokningssystemet\u00a0 <a href=\"https:\/\/www.supersaas.se\/schedule\/Domarringen\/Mindre_kolgrill\" target=\"_blank\" rel=\"noopener\">klicka h\u00e4r<\/a><\/p>\n<p>Skottk\u00e4rra<\/p>\n<p>Magasink\u00e4rra<\/p>\n<p>F\u00f6rl\u00e4ngningssladdar<\/p>\n<p>Stegar - dessa finner du i tr\u00e4dg\u00e5rdsavfalls-rummet<\/p>\n<p>Stegb\u00e5ge - till stege, att h\u00e4nga \u00f6ver taknock<\/p>\n<p>Krattor,\u00a0Spadar,\u00a0Skyfflar<\/p>\n<p><strong>F\u00f6ljande personer har tillg\u00e5ng till f\u00f6rr\u00e5det, s\u00e5 be n\u00e5gon av dem \u00f6ppna f\u00f6r dig.<\/strong><\/p>\n<p>Johan Edelberg, Nejlikev\u00e4gen 56C<\/p>\n<p>Jonas Hansson, Nejlikev\u00e4gen 68<\/p>\n<p>Johan Lundkvist, Nejlikev\u00e4gen 62<\/p>\n<p>Katrin Borgstr\u00f6m, Dahliav\u00e4gen 30<\/p>\n<p>Roger Svensson, Dahliav\u00e4gen 14<\/p>\n<p>Magnus \u00c5kessson, Nejlikev\u00e4gen 66<\/p>\n<p>&nbsp;<\/p>\n<\/div><\/div><\/div><div id=\"pgc-110-0-1\"  class=\"panel-grid-cell\" ><div id=\"panel-110-0-1-0\" class=\"so-panel widget widget_media_image panel-first-child panel-last-child\" data-index=\"1\" ><img width=\"511\" height=\"1024\" src=\"https:\/\/domarringen.eu\/wp-content\/uploads\/2015\/06\/forradsbild-511x1024.png\" class=\"image wp-image-160  attachment-large size-large\" alt=\"\" loading=\"lazy\" style=\"max-width: 100%; height: auto;\" srcset=\"https:\/\/domarringen.eu\/wp-content\/uploads\/2015\/06\/forradsbild-511x1024.png 511w, https:\/\/domarringen.eu\/wp-content\/uploads\/2015\/06\/forradsbild-150x300.png 150w, https:\/\/domarringen.eu\/wp-content\/uploads\/2015\/06\/forradsbild.png 518w\" sizes=\"(max-width: 511px) 100vw, 511px\" \/><\/div><\/div><\/div><\/div>","protected":false},"excerpt":{"rendered":"<p>F\u00f6rr\u00e5d Samf\u00e4lligheten tillhandah\u00e5ller\u00a0en del material\u00a0som finns f\u00f6r utl\u00e5ning. Allt som l\u00e5nas ska \u00e5terl\u00e4mnas helt och rengjort Material som finns tillg\u00e4ngligt i f\u00f6rr\u00e5det Partyt\u00e4lt 2 stycken\u00a0 3*6m\u00a0\u00a0\u00a0\u00a0\u00a0\u00a0\u00a0\u00a0\u00a0\u00a0\u00a0\u00a0\u00a0bokas i bokningssystemet \u00a0klicka h\u00e4r Monteringsanvisning till partyt\u00e4lt klicka h\u00e4r Stolar och bord\u00a0\u00a0\u00a0\u00a0\u00a0\u00a0\u00a0\u00a0\u00a0\u00a0\u00a0\u00a0\u00a0\u00a0\u00a0\u00a0\u00a0\u00a0\u00a0\u00a0\u00a0\u00a0\u00a0\u00a0\u00a0\u00a0\u00a0\u00a0\u00a0\u00a0\u00a0bokas i bokningssystemet\u00a0klicka h\u00e4r (3 nya plastbord, 1 st plastbord och 1 tr\u00e4bord och stolar) St\u00f6rre kolgrill\u00a0\u00a0\u00a0\u00a0\u00a0\u00a0\u00a0\u00a0\u00a0\u00a0\u00a0\u00a0\u00a0\u00a0\u00a0\u00a0\u00a0\u00a0\u00a0\u00a0\u00a0\u00a0\u00a0\u00a0\u00a0 \u00a0\u00a0\u00a0\u00a0\u00a0\u00a0\u00a0 [&hellip;]<\/p>\n","protected":false},"author":1,"featured_media":0,"parent":0,"menu_order":0,"comment_status":"open","ping_status":"closed","template":"home-panels.php","meta":{"_mi_skip_tracking":false},"_links":{"self":[{"href":"https:\/\/domarringen.eu\/index.php\/wp-json\/wp\/v2\/pages\/110"}],"collection":[{"href":"https:\/\/domarringen.eu\/index.php\/wp-json\/wp\/v2\/pages"}],"about":[{"href":"https:\/\/domarringen.eu\/index.php\/wp-json\/wp\/v2\/types\/page"}],"author":[{"embeddable":true,"href":"https:\/\/domarringen.eu\/index.php\/wp-json\/wp\/v2\/users\/1"}],"replies":[{"embeddable":true,"href":"https:\/\/domarringen.eu\/index.php\/wp-json\/wp\/v2\/comments?post=110"}],"version-history":[{"count":101,"href":"https:\/\/domarringen.eu\/index.php\/wp-json\/wp\/v2\/pages\/110\/revisions"}],"predecessor-version":[{"id":656,"href":"https:\/\/domarringen.eu\/index.php\/wp-json\/wp\/v2\/pages\/110\/revisions\/656"}],"wp:attachment":[{"href":"https:\/\/domarringen.eu\/index.php\/wp-json\/wp\/v2\/media?parent=110"}],"curies":[{"name":"wp","href":"https:\/\/api.w.org\/{rel}","templated":true}]}}