{"id":209,"date":"2015-11-04T15:43:42","date_gmt":"2015-11-04T14:43:42","guid":{"rendered":"http:\/\/engineertroops.no-ip.org\/domarringen\/?page_id=209"},"modified":"2024-08-21T15:33:17","modified_gmt":"2024-08-21T13:33:17","slug":"ventilation","status":"publish","type":"page","link":"https:\/\/domarringen.eu\/index.php\/underhall\/ventilation\/","title":{"rendered":"Ventilation"},"content":{"rendered":"<div id=\"pl-209\"  class=\"panel-layout\" ><div id=\"pg-209-0\"  class=\"panel-grid panel-no-style\" ><div id=\"pgc-209-0-0\"  class=\"panel-grid-cell\" ><div id=\"panel-209-0-0-0\" class=\"so-panel widget widget_black-studio-tinymce widget_black_studio_tinymce panel-first-child panel-last-child\" data-index=\"0\" ><div class=\"textwidget\"><h4>F\u00f6r de som har kvar orginalventilationen i sin fastighet:<\/h4>\nFiltret till ventilationen b\u00f6r bytas regelbundet, 2 ggr per \u00e5r.\n\nFilter 335 x 125 mm, med pappkant finns att k\u00f6pa hos\u00a0<a href=\"http:\/\/www.renifoam.se\/ventilationsfilter\/bahco-filter\/bacho-acf-filter.html\" target=\"_blank\" rel=\"noopener\">ReniFoam<\/a>\u00a0eller <a href=\"https:\/\/www.ventilation.se\/filter-acf-bacho\/p-3344.htm\" target=\"_blank\" rel=\"noopener\">ventilation.se<\/a>\n\nFiltret nere till h\u00f6ger har suttit i ca 6 m\u00e5nader, s\u00e5 det var tid att byta ut det.\n\nI anl\u00e4ggningen finns ocks\u00e5 en \"sommarlucka\" som man kan \u00f6ppna under sommarhalv\u00e5ret.\n\nTill h\u00f6ger i bild (syns d\u00e5ligt) finner man en\u00a0ratt om man vill f\u00f6rv\u00e4rma luften,\u00a0sk\u00f6nt p\u00e5 vintern f\u00f6r att f\u00e5 ett\u00a0behagligare inomhusklimat.<\/div><\/div><\/div><div id=\"pgc-209-0-1\"  class=\"panel-grid-cell\" ><div id=\"panel-209-0-1-0\" class=\"so-panel widget widget_sow-image panel-first-child panel-last-child\" data-index=\"1\" ><div\n\t\t\t\n\t\t\tclass=\"so-widget-sow-image so-widget-sow-image-default-8b5b6f678277-209\"\n\t\t\t\n\t\t>\n<div class=\"sow-image-container\">\n\t\t<img src=\"https:\/\/domarringen.eu\/wp-content\/uploads\/2015\/11\/Ventilation-875x1024.png\" width=\"720\" height=\"843\" srcset=\"https:\/\/domarringen.eu\/wp-content\/uploads\/2015\/11\/Ventilation-875x1024.png 875w, https:\/\/domarringen.eu\/wp-content\/uploads\/2015\/11\/Ventilation-256x300.png 256w, https:\/\/domarringen.eu\/wp-content\/uploads\/2015\/11\/Ventilation.png 1995w\" sizes=\"(max-width: 720px) 100vw, 720px\" alt=\"\" loading=\"lazy\" \t\tclass=\"so-widget-image\"\/>\n\t<\/div>\n\n<\/div><\/div><\/div><\/div><div id=\"pg-209-1\"  class=\"panel-grid panel-no-style\" ><div id=\"pgc-209-1-0\"  class=\"panel-grid-cell panel-grid-cell-empty panel-grid-cell-mobile-last\" ><\/div><div id=\"pgc-209-1-1\"  class=\"panel-grid-cell panel-grid-cell-empty\" ><\/div><\/div><\/div>","protected":false},"excerpt":{"rendered":"<p>F\u00f6r de som har kvar orginalventilationen i sin fastighet: Filtret till ventilationen b\u00f6r bytas regelbundet, 2 ggr per \u00e5r. Filter 335 x 125 mm, med pappkant finns att k\u00f6pa hos\u00a0ReniFoam\u00a0eller ventilation.se Filtret nere till h\u00f6ger har suttit i ca 6 m\u00e5nader, s\u00e5 det var tid att byta ut det. I anl\u00e4ggningen finns ocks\u00e5 en &#8221;sommarlucka&#8221; [&hellip;]<\/p>\n","protected":false},"author":1,"featured_media":0,"parent":302,"menu_order":0,"comment_status":"open","ping_status":"closed","template":"home-panels.php","meta":{"_mi_skip_tracking":false},"_links":{"self":[{"href":"https:\/\/domarringen.eu\/index.php\/wp-json\/wp\/v2\/pages\/209"}],"collection":[{"href":"https:\/\/domarringen.eu\/index.php\/wp-json\/wp\/v2\/pages"}],"about":[{"href":"https:\/\/domarringen.eu\/index.php\/wp-json\/wp\/v2\/types\/page"}],"author":[{"embeddable":true,"href":"https:\/\/domarringen.eu\/index.php\/wp-json\/wp\/v2\/users\/1"}],"replies":[{"embeddable":true,"href":"https:\/\/domarringen.eu\/index.php\/wp-json\/wp\/v2\/comments?post=209"}],"version-history":[{"count":16,"href":"https:\/\/domarringen.eu\/index.php\/wp-json\/wp\/v2\/pages\/209\/revisions"}],"predecessor-version":[{"id":637,"href":"https:\/\/domarringen.eu\/index.php\/wp-json\/wp\/v2\/pages\/209\/revisions\/637"}],"up":[{"embeddable":true,"href":"https:\/\/domarringen.eu\/index.php\/wp-json\/wp\/v2\/pages\/302"}],"wp:attachment":[{"href":"https:\/\/domarringen.eu\/index.php\/wp-json\/wp\/v2\/media?parent=209"}],"curies":[{"name":"wp","href":"https:\/\/api.w.org\/{rel}","templated":true}]}}

<div id="pl-209"  class="panel-layout" ><div id="pg-209-0"  class="panel-grid panel-no-style" ><div id="pgc-209-0-0"  class="panel-grid-cell" ><div id="panel-209-0-0-0" class="so-panel widget widget_black-studio-tinymce widget_black_studio_tinymce panel-first-child panel-last-child" data-index="0" ><div class="textwidget"><h4>För de som har kvar orginalventilationen i sin fastighet:</h4>
Filtret till ventilationen bör bytas regelbundet, 2 ggr per år.

Filter 335 x 125 mm, med pappkant finns att köpa hos <a href="http://www.renifoam.se/ventilationsfilter/bahco-filter/bacho-acf-filter.html" target="_blank" rel="noopener">ReniFoam</a> eller <a href="https://www.ventilation.se/filter-acf-bacho/p-3344.htm" target="_blank" rel="noopener">ventilation.se</a>

Filtret nere till höger har suttit i ca 6 månader, så det var tid att byta ut det.

I anläggningen finns också en "sommarlucka" som man kan öppna under sommarhalvåret.

Till höger i bild (syns dåligt) finner man en ratt om man vill förvärma luften, skönt på vintern för att få ett behagligare inomhusklimat.</div></div></div><div id="pgc-209-0-1"  class="panel-grid-cell" ><div id="panel-209-0-1-0" class="so-panel widget widget_sow-image panel-first-child panel-last-child" data-index="1" ><div
			
			class="so-widget-sow-image so-widget-sow-image-default-8b5b6f678277-209"
			
		>
<div class="sow-image-container">
		<img src="https://domarringen.eu/wp-content/uploads/2015/11/Ventilation-875x1024.png" width="720" height="843" srcset="https://domarringen.eu/wp-content/uploads/2015/11/Ventilation-875x1024.png 875w, https://domarringen.eu/wp-content/uploads/2015/11/Ventilation-256x300.png 256w, https://domarringen.eu/wp-content/uploads/2015/11/Ventilation.png 1995w" sizes="(max-width: 720px) 100vw, 720px" alt="" loading="lazy" 		class="so-widget-image"/>
	</div>

</div></div></div></div><div id="pg-209-1"  class="panel-grid panel-no-style" ><div id="pgc-209-1-0"  class="panel-grid-cell panel-grid-cell-empty panel-grid-cell-mobile-last" ></div><div id="pgc-209-1-1"  class="panel-grid-cell panel-grid-cell-empty" ></div></div></div>

<p>För de som har kvar orginalventilationen i sin fastighet: Filtret till ventilationen bör bytas regelbundet, 2 ggr per år. Filter 335 x 125 mm, med pappkant finns att köpa hos ReniFoam eller ventilation.se Filtret nere till höger har suttit i ca 6 månader, så det var tid att byta ut det. I anläggningen finns också en &#8221;sommarlucka&#8221; [&hellip;]</p>
