{"id":29,"date":"2015-04-27T11:47:38","date_gmt":"2015-04-27T09:47:38","guid":{"rendered":"http:\/\/engineertroops.no-ip.org\/sida\/?page_id=29"},"modified":"2026-03-11T11:13:06","modified_gmt":"2026-03-11T10:13:06","slug":"hyra-lagenhet","status":"publish","type":"page","link":"https:\/\/domarringen.eu\/index.php\/hyra-lagenhet\/","title":{"rendered":"L\u00e4genheten"},"content":{"rendered":"<div id=\"pl-29\"  class=\"panel-layout\" ><div id=\"pg-29-0\"  class=\"panel-grid panel-no-style\" ><div id=\"pgc-29-0-0\"  class=\"panel-grid-cell\" ><div id=\"panel-29-0-0-0\" class=\"so-panel widget widget_siteorigin-panels-builder panel-first-child panel-last-child\" data-index=\"0\" ><div id=\"pl-w69b14032dac54\"  class=\"panel-layout\" ><div id=\"pg-w69b14032dac54-0\"  class=\"panel-grid panel-no-style\" ><div id=\"pgc-w69b14032dac54-0-0\"  class=\"panel-grid-cell\" ><div id=\"panel-w69b14032dac54-0-0-0\" class=\"so-panel widget widget_circleicon-widget panel-first-child\" data-index=\"0\" >\t\t<div class=\"circle-icon-box circle-icon-position-top circle-icon-hide-box circle-icon-size-large\">\n\t\t\t<div class=\"circle-icon-wrapper\">\n                <a href=\"https:\/\/www.supersaas.se\/schedule\/Domarringen\/apartment\" class=\"link-icon\">\t\t\t\t<div class=\"circle-icon\" style=\"background-color: #003366\">\n\t\t\t\t\t<div class=\"fa fa-calendar\"><\/div>\t\t\t\t<\/div>\n                <\/a>\t\t\t<\/div>\n\n            <a href=\"https:\/\/www.supersaas.se\/schedule\/Domarringen\/apartment\" class=\"link-title\">\t\t\t<h4>Boka l\u00e4genheten 250kr\/natt<\/h4>            <\/a>\n\t\t\t<p class=\"text\">Bokningen kr\u00e4ver att du har cookies aktiverat i webbl\u00e4saren!<\/p>\t\t\t\t\t\t\t<a href=\"https:\/\/www.supersaas.se\/schedule\/Domarringen\/apartment\" class=\"more-button\">till tidsbokningen <i><\/i><\/a>\n\t\t\t\t\t<\/div>\n\t\t<\/div><div id=\"panel-w69b14032dac54-0-0-1\" class=\"so-panel widget widget_black-studio-tinymce widget_black_studio_tinymce panel-last-child\" data-index=\"1\" ><div class=\"textwidget\"><p style=\"padding-left: 60px;\">Endast f\u00f6r Domarringens samf\u00e4llighets medlemmar.<\/p>\n<p style=\"padding-left: 60px;\"><span style=\"color: #000000;\">Incheckning 14:00, u<\/span><span style=\"color: #000000;\">tcheckning 11:00<\/span><\/p>\n<p style=\"padding-left: 60px;\">Namn: F\u00f6r och efternamn<\/p>\n<p style=\"padding-left: 60px;\">\u00c4ndam\u00e5l: Din adress.<\/p>\n<p style=\"padding-left: 60px;\">L\u00e4genheten kan bokas maximalt 7 n\u00e4tter.<\/p>\n<p style=\"padding-left: 60px;\">N\u00e4r bokningen \u00e4r betald, och sms skickat till 0708-217524<\/p>\n<p style=\"padding-left: 60px;\">g\u00e5r det bra att h\u00e4mta nyckeln p\u00e5 Dahliav\u00e4gen 30 fr\u00e5n kl 14:00.<\/p>\n\n<h4 style=\"text-align: center; padding-left: 60px;\"><strong>Betalning med swish till:<\/strong><\/h4>\n<h4 style=\"text-align: center; padding-left: 30px;\"><strong>123 232 7716<\/strong><\/h4>\n<p style=\"padding-left: 60px;\">F\u00f6r att betalning med swish ska anses tillfullo betald ska en sk\u00e4rmdump p\u00e5 kvittensen skickas till 0708-217524 (<strong>Ingen SWISH-betalning till detta nummer<\/strong>).<\/p>\n<p style=\"padding-left: 60px;\">Avbokning ska g\u00f6ras 48 timmar innan bokad tid, annars kvarst\u00e5r betalningsansvar.<\/p>\n<p style=\"padding-left: 60px;\">F\u00f6rskottsbetalning g\u00e4ller. (Samma dag eller dagen innan)<\/p>\n<p style=\"padding-left: 60px;\">250 kr\/natt (250kr \u00e4r allts\u00e5 minsta beloppet \u00e4ven om man bara anv\u00e4nder l\u00e4genheten n\u00e5gra timmar)<\/p>\n<p style=\"padding-left: 60px;\">L\u00e4genheten ska vara st\u00e4dad (se information nedan),<\/p>\n<p style=\"padding-left: 60px;\">och nyckeln \u00e5terl\u00e4mnad i postl\u00e5dan p\u00e5 Dahliav\u00e4gen 30<\/p>\n<p style=\"padding-left: 60px;\">kl 11:00 dagen man checkar ut.<\/p>\n<p style=\"padding-left: 60px;\"><span style=\"color: #ff0000;\">Vid bristf\u00e4llig st\u00e4dning debiteras ansvarig bokare med 800 kr<\/span><\/p>\n<p style=\"padding-left: 60px;\">Under l\u00e5gs\u00e4song \u00e4r kyl och frys avst\u00e4ngt, (ni f\u00e5r g\u00e4rna starta det under er vistelse).<\/p>\n<p style=\"padding-left: 60px;\">Vid fr\u00e5gor kontakta Roger, mellan 09-21.<\/p>\n<p style=\"padding-left: 60px;\">Roger Borgstr\u00f6m tel 0708-217524<\/p>\n<p style=\"padding-left: 60px;\">(<strong>Ingen SWISH-betalning till detta nummer<\/strong>)<\/p>\n\n<h4 style=\"padding-left: 60px;\">\u00a0St\u00e4dning av l\u00e4genheten<\/h4>\n<p style=\"padding-left: 60px; text-align: left;\">Toalett.\nToalettstol ska vara skurad med WC-rent och avtorkad.\nTv\u00e4ttst\u00e4ll och dusch ska vara avtorkade samt spegel putsad.\nGolv ska vara v\u00e5ttorkat.\nToalettpapper ska vara p\u00e5fyllt.\nPentryt\nDisk ska vara diskad och insorterad.\nKylsk\u00e5p ska torkas ur.\nSpis och diskb\u00e4nk ska vara avtorkade.\nGolv ska dammsugas och v\u00e5ttorkas.\n\n<p style=\"padding-left: 60px; text-align: left;\">Sov- och s\u00e4llskapsutrymme\nKuddar och t\u00e4cken ska ristas utomhus och l\u00e4ggas in i garderob eller i s\u00e4ngarna.\nS\u00e4ngar ska b\u00e4ddas.\nBord och f\u00f6nsterkarmar ska vara avtorkade.\nGolv ska dammsugas och v\u00e5ttorkas, det g\u00e4ller \u00e4ven under s\u00e4ngarna.\n\n<p style=\"padding-left: 60px; text-align: left;\">Hall\nGolv ska dammsugas och v\u00e5ttorkas<\/div><\/div><\/div><div id=\"pgc-w69b14032dac54-0-1\"  class=\"panel-grid-cell\" ><div id=\"panel-w69b14032dac54-0-1-0\" class=\"so-panel widget widget_sow-image panel-first-child\" data-index=\"2\" ><div class=\"panel-widget-style panel-widget-style-for-w69b14032dac54-0-1-0\" ><div\n\t\t\t\n\t\t\tclass=\"so-widget-sow-image so-widget-sow-image-default-8b5b6f678277\"\n\t\t\t\n\t\t>\n<div class=\"sow-image-container\">\n\t\t<img src=\"https:\/\/domarringen.eu\/wp-content\/uploads\/2015\/04\/lagenhet-e1434564237505-300x175.png\" width=\"300\" height=\"175\" srcset=\"https:\/\/domarringen.eu\/wp-content\/uploads\/2015\/04\/lagenhet-e1434564237505-300x175.png 300w, https:\/\/domarringen.eu\/wp-content\/uploads\/2015\/04\/lagenhet-e1434564237505.png 602w\" sizes=\"(max-width: 300px) 100vw, 300px\" title=\"lagenhet\" alt=\"\" loading=\"lazy\" \t\tclass=\"so-widget-image\"\/>\n\t<\/div>\n\n<\/div><\/div><\/div><div id=\"panel-w69b14032dac54-0-1-1\" class=\"so-panel widget widget_sow-image\" data-index=\"3\" ><div\n\t\t\t\n\t\t\tclass=\"so-widget-sow-image so-widget-sow-image-default-8b5b6f678277\"\n\t\t\t\n\t\t>\n<div class=\"sow-image-container\">\n\t\t<img src=\"https:\/\/domarringen.eu\/wp-content\/uploads\/2015\/04\/IMG_1424-300x225.jpg\" width=\"300\" height=\"225\" srcset=\"https:\/\/domarringen.eu\/wp-content\/uploads\/2015\/04\/IMG_1424-300x225.jpg 300w, https:\/\/domarringen.eu\/wp-content\/uploads\/2015\/04\/IMG_1424-1024x768.jpg 1024w\" sizes=\"(max-width: 300px) 100vw, 300px\" title=\"l\u00e4genhet-k\u00f6k\" alt=\"\" loading=\"lazy\" \t\tclass=\"so-widget-image\"\/>\n\t<\/div>\n\n<\/div><\/div><div id=\"panel-w69b14032dac54-0-1-2\" class=\"so-panel widget widget_sow-image panel-last-child\" data-index=\"4\" ><div\n\t\t\t\n\t\t\tclass=\"so-widget-sow-image so-widget-sow-image-default-8b5b6f678277\"\n\t\t\t\n\t\t>\n<div class=\"sow-image-container\">\n\t\t<img src=\"https:\/\/domarringen.eu\/wp-content\/uploads\/2015\/04\/IMG_1423-300x225.jpg\" width=\"300\" height=\"225\" srcset=\"https:\/\/domarringen.eu\/wp-content\/uploads\/2015\/04\/IMG_1423-300x225.jpg 300w, https:\/\/domarringen.eu\/wp-content\/uploads\/2015\/04\/IMG_1423-1024x768.jpg 1024w\" sizes=\"(max-width: 300px) 100vw, 300px\" title=\"l\u00e4genhet-sovdel\" alt=\"\" loading=\"lazy\" \t\tclass=\"so-widget-image\"\/>\n\t<\/div>\n\n<\/div><\/div><\/div><\/div><div id=\"pg-w69b14032dac54-1\"  class=\"panel-grid panel-no-style\" ><div id=\"pgc-w69b14032dac54-1-0\"  class=\"panel-grid-cell panel-grid-cell-empty panel-grid-cell-mobile-last\" ><\/div><div id=\"pgc-w69b14032dac54-1-1\"  class=\"panel-grid-cell panel-grid-cell-empty\" ><\/div><\/div><div id=\"pg-w69b14032dac54-2\"  class=\"panel-grid panel-no-style\" ><div id=\"pgc-w69b14032dac54-2-0\"  class=\"panel-grid-cell panel-grid-cell-empty panel-grid-cell-mobile-last\" ><\/div><div id=\"pgc-w69b14032dac54-2-1\"  class=\"panel-grid-cell panel-grid-cell-empty\" ><\/div><\/div><\/div><\/div><\/div><\/div><\/div>","protected":false},"excerpt":{"rendered":"<p>Boka l\u00e4genheten 250kr\/natt Bokningen kr\u00e4ver att du har cookies aktiverat i webbl\u00e4saren! till tidsbokningen Endast f\u00f6r Domarringens samf\u00e4llighets medlemmar. Incheckning 14:00, utcheckning 11:00 Namn: F\u00f6r och efternamn \u00c4ndam\u00e5l: Din adress. L\u00e4genheten kan bokas maximalt 7 n\u00e4tter. N\u00e4r bokningen \u00e4r betald, och sms skickat till 0708-217524 g\u00e5r det bra att h\u00e4mta nyckeln p\u00e5 Dahliav\u00e4gen 30 fr\u00e5n [&hellip;]<\/p>\n","protected":false},"author":1,"featured_media":39,"parent":0,"menu_order":0,"comment_status":"open","ping_status":"open","template":"home-panels.php","meta":{"_mi_skip_tracking":false},"_links":{"self":[{"href":"https:\/\/domarringen.eu\/index.php\/wp-json\/wp\/v2\/pages\/29"}],"collection":[{"href":"https:\/\/domarringen.eu\/index.php\/wp-json\/wp\/v2\/pages"}],"about":[{"href":"https:\/\/domarringen.eu\/index.php\/wp-json\/wp\/v2\/types\/page"}],"author":[{"embeddable":true,"href":"https:\/\/domarringen.eu\/index.php\/wp-json\/wp\/v2\/users\/1"}],"replies":[{"embeddable":true,"href":"https:\/\/domarringen.eu\/index.php\/wp-json\/wp\/v2\/comments?post=29"}],"version-history":[{"count":109,"href":"https:\/\/domarringen.eu\/index.php\/wp-json\/wp\/v2\/pages\/29\/revisions"}],"predecessor-version":[{"id":705,"href":"https:\/\/domarringen.eu\/index.php\/wp-json\/wp\/v2\/pages\/29\/revisions\/705"}],"wp:featuredmedia":[{"embeddable":true,"href":"https:\/\/domarringen.eu\/index.php\/wp-json\/wp\/v2\/media\/39"}],"wp:attachment":[{"href":"https:\/\/domarringen.eu\/index.php\/wp-json\/wp\/v2\/media?parent=29"}],"curies":[{"name":"wp","href":"https:\/\/api.w.org\/{rel}","templated":true}]}}