{"id":6,"date":"2015-04-27T08:57:51","date_gmt":"2015-04-27T06:57:51","guid":{"rendered":"http:\/\/engineertroops.no-ip.org\/sida\/index.php\/startsida\/"},"modified":"2026-01-16T19:51:35","modified_gmt":"2026-01-16T18:51:35","slug":"startsida","status":"publish","type":"page","link":"https:\/\/domarringen.eu\/","title":{"rendered":"Startsida"},"content":{"rendered":"<div id=\"pl-6\"  class=\"panel-layout\" ><div id=\"pg-6-0\"  class=\"panel-grid panel-no-style\" ><div id=\"pgc-6-0-0\"  class=\"panel-grid-cell\" ><div id=\"panel-6-0-0-0\" class=\"so-panel widget widget_black-studio-tinymce widget_black_studio_tinymce panel-first-child panel-last-child\" data-index=\"0\" ><div class=\"textwidget\"><h3 style=\"text-align: center;\">Anm\u00e4l dig till\nf\u00f6reningens utskick!<\/h3>\nKallelse till \u00e5rsst\u00e4mma,\u00a0 n\u00e4r vi har en container p\u00e5 plats, vattenavl\u00e4sning eller gemensam st\u00e4ddag med grillning.\n\n<div role=\"form\" class=\"wpcf7\" id=\"wpcf7-f172-o1\" lang=\"sv-SE\" dir=\"ltr\">\n<div class=\"screen-reader-response\"><p role=\"status\" aria-live=\"polite\" aria-atomic=\"true\"><\/p> <ul><\/ul><\/div>\n<form action=\"\/index.php\/wp-json\/wp\/v2\/pages\/6#wpcf7-f172-o1\" method=\"post\" class=\"wpcf7-form init\" novalidate=\"novalidate\" data-status=\"init\">\n<div style=\"display: none;\">\n<input type=\"hidden\" name=\"_wpcf7\" value=\"172\" \/>\n<input type=\"hidden\" name=\"_wpcf7_version\" value=\"5.5.6\" \/>\n<input type=\"hidden\" name=\"_wpcf7_locale\" value=\"sv_SE\" \/>\n<input type=\"hidden\" name=\"_wpcf7_unit_tag\" value=\"wpcf7-f172-o1\" \/>\n<input type=\"hidden\" name=\"_wpcf7_container_post\" value=\"0\" \/>\n<input type=\"hidden\" name=\"_wpcf7_posted_data_hash\" value=\"\" \/>\n<\/div>\n<p>      Namn:<br \/><span class=\"wpcf7-form-control-wrap your-name\"><input type=\"text\" name=\"your-name\" value=\"\" size=\"40\" class=\"wpcf7-form-control wpcf7-text wpcf7-validates-as-required\" aria-required=\"true\" aria-invalid=\"false\" \/><\/span> <\/p>\n<p>Gatuadress:<br \/><span class=\"wpcf7-form-control-wrap gatuadress\"><input type=\"text\" name=\"gatuadress\" value=\"\" size=\"40\" class=\"wpcf7-form-control wpcf7-text wpcf7-validates-as-required\" aria-required=\"true\" aria-invalid=\"false\" \/><\/span> <\/p>\n<p>     Epost:<br \/><span class=\"wpcf7-form-control-wrap your-email\"><input type=\"email\" name=\"your-email\" value=\"\" size=\"40\" class=\"wpcf7-form-control wpcf7-text wpcf7-email wpcf7-validates-as-required wpcf7-validates-as-email\" aria-required=\"true\" aria-invalid=\"false\" \/><\/span> <\/p>\n<p><span class=\"wpcf7-form-control-wrap accept-this-1\"><span class=\"wpcf7-form-control wpcf7-acceptance\"><span class=\"wpcf7-list-item\"><label><input type=\"checkbox\" name=\"accept-this-1\" value=\"1\" aria-invalid=\"false\" \/><span class=\"wpcf7-list-item-label\">Godk\u00e4nnande av GDPR.<\/span><\/label><\/span><\/span><\/span><\/p>\n<p><input type=\"submit\" value=\"Skicka\" class=\"wpcf7-form-control has-spinner wpcf7-submit\" \/><\/p>\n<div class=\"wpcf7-response-output\" aria-hidden=\"true\"><\/div><\/form><\/div><\/div><\/div><\/div><div id=\"pgc-6-0-1\"  class=\"panel-grid-cell\" ><div id=\"panel-6-0-1-0\" class=\"so-panel widget widget_black-studio-tinymce widget_black_studio_tinymce panel-first-child\" data-index=\"1\" ><div class=\"textwidget\"><h3 style=\"text-align: center;\">R\u00e4kning f\u00f6r medlemsavgift<br \/>\ng\u00e5r att f\u00e5 \u00f6ver mail.<\/h3>\n<p style=\"text-align: center;\">Maila TP-byr\u00e5n p\u00e5 <a href=\"mailto:info@tp-byran.se\">info@tp-byran.se<\/a> med dina fastighetsuppgifter<br \/>\ns\u00e5 l\u00f6ser dem det till er.<\/p>\n<p style=\"text-align: center;\">\n<\/div><\/div><div id=\"panel-6-0-1-1\" class=\"so-panel widget widget_black-studio-tinymce widget_black_studio_tinymce\" data-index=\"2\" ><div class=\"textwidget\"><p style=\"text-align: center;\">Upphittade v\u00e4rdesaker, nycklar m.m i v\u00e5rt omr\u00e5de, meddela via mail till <a href=\"mailto:info@domarringen.eu\">info@domarringen.eu<\/a><\/p>\n<\/div><\/div><div id=\"panel-6-0-1-2\" class=\"so-panel widget widget_black-studio-tinymce widget_black_studio_tinymce panel-last-child\" data-index=\"3\" ><div class=\"textwidget\"><h3 style=\"text-align: center;\">Beh\u00f6ver ni ytterliggare<br \/>\nen parkeringsplats?<\/h3>\n<p style=\"text-align: center;\">Bes\u00f6kparkeringarna \u00e4r till f\u00f6r v\u00e5ra bes\u00f6kare, bor ni i omr\u00e5det hyr ni er\/a parkering\/ar av v\u00e5r gemensamma samf\u00e4llighet<br \/>\nkontakta Magnus,\u00a0 ordforande@domarringen.eu<\/p>\n<p style=\"text-align: center;\">\n<\/div><\/div><\/div><div id=\"pgc-6-0-2\"  class=\"panel-grid-cell\" ><div id=\"panel-6-0-2-0\" class=\"so-panel widget widget_black-studio-tinymce widget_black_studio_tinymce panel-first-child panel-last-child\" data-index=\"4\" ><div class=\"textwidget\"><h3 style=\"text-align: center;\">\u00a0Avfallst\u00f6mning<\/h3>\n<p style=\"text-align: center;\"><strong>Tr\u00e4dg\u00e5rdsavfall<br \/>\n<\/strong>m\u00e5ndag \/ oj\u00e4mna veckor<br \/>\nfr\u00e5n vecka 9 tom vecka 47<\/p>\n<p style=\"text-align: center;\"><strong>\u00a0Restavfall<br \/>\n<\/strong>onsdag \/ varje vecka<\/p>\n<p style=\"text-align: center;\"><strong>Matavfall<br \/>\n<\/strong>onsdag \/ varje vecka<\/p>\n<p style=\"text-align: center;\"><strong>Pappersf\u00f6rpackning<br \/>\n<\/strong>tisdagar \/ j\u00e4mna veckor<\/p>\n<p style=\"text-align: center;\"><strong>Plastf\u00f6rpackningar<br \/>\n<\/strong>fredagar \/ j\u00e4mna veckor<\/p>\n<p style=\"text-align: center;\"><strong>Vitt glas \/ f\u00e4rgat glas \/ metaller<br \/>\n<\/strong>En g\u00e5ng per m\u00e5nad<\/p>\n<p style=\"text-align: center;\"><strong>Tidningar<br \/>\n<\/strong>onsdagar \/ j\u00e4mna veckor<\/p>\n<p style=\"text-align: center;\">\n<\/div><\/div><\/div><\/div><\/div>","protected":false},"excerpt":{"rendered":"<p>Anm\u00e4l dig till f\u00f6reningens utskick! Kallelse till \u00e5rsst\u00e4mma,\u00a0 n\u00e4r vi har en container p\u00e5 plats, vattenavl\u00e4sning eller gemensam st\u00e4ddag med grillning. R\u00e4kning f\u00f6r medlemsavgift g\u00e5r att f\u00e5 \u00f6ver mail. Maila TP-byr\u00e5n p\u00e5 info@tp-byran.se med dina fastighetsuppgifter s\u00e5 l\u00f6ser dem det till er. Upphittade v\u00e4rdesaker, nycklar m.m i v\u00e5rt omr\u00e5de, meddela via mail till info@domarringen.eu Beh\u00f6ver [&hellip;]<\/p>\n","protected":false},"author":1,"featured_media":0,"parent":0,"menu_order":0,"comment_status":"closed","ping_status":"open","template":"home-panels.php","meta":{"_mi_skip_tracking":false},"_links":{"self":[{"href":"https:\/\/domarringen.eu\/index.php\/wp-json\/wp\/v2\/pages\/6"}],"collection":[{"href":"https:\/\/domarringen.eu\/index.php\/wp-json\/wp\/v2\/pages"}],"about":[{"href":"https:\/\/domarringen.eu\/index.php\/wp-json\/wp\/v2\/types\/page"}],"author":[{"embeddable":true,"href":"https:\/\/domarringen.eu\/index.php\/wp-json\/wp\/v2\/users\/1"}],"replies":[{"embeddable":true,"href":"https:\/\/domarringen.eu\/index.php\/wp-json\/wp\/v2\/comments?post=6"}],"version-history":[{"count":23,"href":"https:\/\/domarringen.eu\/index.php\/wp-json\/wp\/v2\/pages\/6\/revisions"}],"predecessor-version":[{"id":361,"href":"https:\/\/domarringen.eu\/index.php\/wp-json\/wp\/v2\/pages\/6\/revisions\/361"}],"wp:attachment":[{"href":"https:\/\/domarringen.eu\/index.php\/wp-json\/wp\/v2\/media?parent=6"}],"curies":[{"name":"wp","href":"https:\/\/api.w.org\/{rel}","templated":true}]}}