{"id":82,"date":"2015-06-17T21:02:46","date_gmt":"2015-06-17T19:02:46","guid":{"rendered":"http:\/\/engineertroops.no-ip.org\/domarringen\/?page_id=82"},"modified":"2025-04-14T15:10:19","modified_gmt":"2025-04-14T13:10:19","slug":"ny-inflyttad","status":"publish","type":"page","link":"https:\/\/domarringen.eu\/index.php\/ny-inflyttad\/","title":{"rendered":"In\/utflyttning"},"content":{"rendered":"<div id=\"pl-82\"  class=\"panel-layout\" ><div id=\"pg-82-0\"  class=\"panel-grid panel-no-style\" ><div id=\"pgc-82-0-0\"  class=\"panel-grid-cell\" ><div id=\"panel-82-0-0-0\" class=\"so-panel widget widget_headline-widget panel-first-child\" data-index=\"0\" >\t\t<h1>V\u00e4lkommen till Domarringens samf\u00e4llighetsf\u00f6rening<\/h1>\n\t\t<div class=\"decoration\"><div class=\"decoration-inside\"><\/div><\/div>\n\t\t<h3><\/h3>\n\t\t<\/div><div id=\"panel-82-0-0-1\" class=\"so-panel widget widget_black-studio-tinymce widget_black_studio_tinymce panel-last-child\" data-index=\"1\" ><div class=\"textwidget\"><h3>I samband med flytt<\/h3>\n<p>I samband med \u00e4garbytet s\u00e5 ska vattenf\u00f6rbrukningen st\u00e4mmas av, s\u00e5 att b\u00e5de du som l\u00e4mnar din fastighet och de nya \u00e4garna debiteras f\u00f6r korrekt f\u00f6rbrukning. L\u00e4s av vattenm\u00e4taren dagen f\u00f6r \u00e4garbytet.<\/p>\n<p>Vi ser g\u00e4rna att gamla och nya \u00e4garna p\u00e5 egen hand reglerar den f\u00f6rutbetalda m\u00e5nadsavgiften, samt avgift f\u00f6r eventuell parkering.<\/p>\n<p>Meddela \u00e4ven om de nya \u00e4garna tar \u00f6ver befintlig parkeringsplats\/er.<\/p>\n<p>F\u00f6r att vi ska kunna reglera vattenf\u00f6rbrukningen beh\u00f6ver vi uppgifter om ny adress, samt kontonummer f\u00f6r eventuell utbetalning av \u00f6verskjutande belopp.<\/p>\n<p>Fyll i uppgifterna nedan i formul\u00e4ret, alternativt ladda ner pdf:en och skriv ut och l\u00e4mna till Magnus \u00c5kesson, Nejlikev\u00e4gen 66.<\/p>\n<p><a href=\"http:\/\/domarringen.eu\/wp-content\/uploads\/2019\/10\/waterreadings.pdf\" target=\"_blank\" rel=\"noopener\">Avl\u00e4sning av vattenm\u00e4tare vid \u00e4garbyte\u00a0 PDF<\/a><\/p>\n<p><div role=\"form\" class=\"wpcf7\" id=\"wpcf7-f406-o1\" lang=\"sv-SE\" dir=\"ltr\">\n<div class=\"screen-reader-response\"><p role=\"status\" aria-live=\"polite\" aria-atomic=\"true\"><\/p> <ul><\/ul><\/div>\n<form action=\"\/index.php\/wp-json\/wp\/v2\/pages\/82#wpcf7-f406-o1\" method=\"post\" class=\"wpcf7-form init\" novalidate=\"novalidate\" data-status=\"init\">\n<div style=\"display: none;\">\n<input type=\"hidden\" name=\"_wpcf7\" value=\"406\" \/>\n<input type=\"hidden\" name=\"_wpcf7_version\" value=\"5.5.6\" \/>\n<input type=\"hidden\" name=\"_wpcf7_locale\" value=\"sv_SE\" \/>\n<input type=\"hidden\" name=\"_wpcf7_unit_tag\" value=\"wpcf7-f406-o1\" \/>\n<input type=\"hidden\" name=\"_wpcf7_container_post\" value=\"0\" \/>\n<input type=\"hidden\" name=\"_wpcf7_posted_data_hash\" value=\"\" \/>\n<\/div>\n<p>            Namn:<br \/><span class=\"wpcf7-form-control-wrap your-name\"><input type=\"text\" name=\"your-name\" value=\"\" size=\"40\" class=\"wpcf7-form-control wpcf7-text wpcf7-validates-as-required\" aria-required=\"true\" aria-invalid=\"false\" \/><\/span> <\/p>\n<p>      Gatuadress:<br \/><span class=\"wpcf7-form-control-wrap old-adress\"><input type=\"text\" name=\"old-adress\" value=\"\" size=\"40\" class=\"wpcf7-form-control wpcf7-text wpcf7-validates-as-required\" aria-required=\"true\" aria-invalid=\"false\" \/><\/span> <\/p>\n<p><\/p>\n<p>            Bank:<br \/><span class=\"wpcf7-form-control-wrap bank\"><input type=\"text\" name=\"bank\" value=\"\" size=\"40\" class=\"wpcf7-form-control wpcf7-text wpcf7-validates-as-required\" aria-required=\"true\" aria-invalid=\"false\" \/><\/span> <\/p>\n<p>        Clearing:<br \/><span class=\"wpcf7-form-control-wrap clearingnr\"><input type=\"text\" name=\"clearingnr\" value=\"\" size=\"40\" class=\"wpcf7-form-control wpcf7-text wpcf7-validates-as-required\" aria-required=\"true\" aria-invalid=\"false\" \/><\/span> <\/p>\n<p>     Kontonummer:<br \/><span class=\"wpcf7-form-control-wrap accountnr\"><input type=\"text\" name=\"accountnr\" value=\"\" size=\"40\" class=\"wpcf7-form-control wpcf7-text wpcf7-validates-as-required\" aria-required=\"true\" aria-invalid=\"false\" \/><\/span> <\/p>\n<p><\/p>\n<p>   Ny gatuadress:<br \/><span class=\"wpcf7-form-control-wrap new-adress\"><input type=\"text\" name=\"new-adress\" value=\"\" size=\"40\" class=\"wpcf7-form-control wpcf7-text wpcf7-validates-as-required\" aria-required=\"true\" aria-invalid=\"false\" \/><\/span> <\/p>\n<p>   Ny Postadress:<br \/><span class=\"wpcf7-form-control-wrap new-postadress\"><input type=\"text\" name=\"new-postadress\" value=\"\" size=\"40\" class=\"wpcf7-form-control wpcf7-text wpcf7-validates-as-required\" aria-required=\"true\" aria-invalid=\"false\" \/><\/span> <\/p>\n<p>  M\u00e4tarst\u00e4llning: ( 5 siffror )<br \/><span class=\"wpcf7-form-control-wrap WaterReading\"><input type=\"text\" name=\"WaterReading\" value=\"\" size=\"40\" class=\"wpcf7-form-control wpcf7-text wpcf7-validates-as-required\" aria-required=\"true\" aria-invalid=\"false\" \/><\/span> <\/p>\n<p> Avl\u00e4sningsdatum: \u00c5\u00c5MMDD<br \/><span class=\"wpcf7-form-control-wrap ReadingDate\"><input type=\"text\" name=\"ReadingDate\" value=\"\" size=\"40\" class=\"wpcf7-form-control wpcf7-text wpcf7-validates-as-required\" aria-required=\"true\" aria-invalid=\"false\" \/><\/span> <\/p>\n<p>Nya \u00e4gare till fastigheten <\/p>\n<p>    \u00c4gare 1 Namn:<br \/><span class=\"wpcf7-form-control-wrap new-owner-one\"><input type=\"text\" name=\"new-owner-one\" value=\"\" size=\"40\" class=\"wpcf7-form-control wpcf7-text wpcf7-validates-as-required\" aria-required=\"true\" aria-invalid=\"false\" \/><\/span> <\/p>\n<p>    Personnummer:<br \/><span class=\"wpcf7-form-control-wrap new-one-personumber\"><input type=\"text\" name=\"new-one-personumber\" value=\"\" size=\"40\" class=\"wpcf7-form-control wpcf7-text wpcf7-validates-as-required\" aria-required=\"true\" aria-invalid=\"false\" \/><\/span> <\/p>\n<p>           Epost:<br \/><span class=\"wpcf7-form-control-wrap new-one-email\"><input type=\"text\" name=\"new-one-email\" value=\"\" size=\"40\" class=\"wpcf7-form-control wpcf7-text wpcf7-validates-as-required\" aria-required=\"true\" aria-invalid=\"false\" \/><\/span> <\/p>\n<p><p>    \u00c4gare 2 Namn: Markera med ett - om endast en \u00e4gare<br \/><span class=\"wpcf7-form-control-wrap new-owner-two\"><input type=\"text\" name=\"new-owner-two\" value=\"\" size=\"40\" class=\"wpcf7-form-control wpcf7-text wpcf7-validates-as-required\" aria-required=\"true\" aria-invalid=\"false\" \/><\/span> <\/p>\n<p>    Personnummer: Markera med ett - om endast en \u00e4gare<br \/><span class=\"wpcf7-form-control-wrap new-two-personumber\"><input type=\"text\" name=\"new-two-personumber\" value=\"\" size=\"40\" class=\"wpcf7-form-control wpcf7-text wpcf7-validates-as-required\" aria-required=\"true\" aria-invalid=\"false\" \/><\/span> <\/p>\n<p>           Epost: Markera med ett - om endast en \u00e4gare<br \/><span class=\"wpcf7-form-control-wrap new-two-email\"><input type=\"text\" name=\"new-two-email\" value=\"\" size=\"40\" class=\"wpcf7-form-control wpcf7-text wpcf7-validates-as-required\" aria-required=\"true\" aria-invalid=\"false\" \/><\/span> <\/p>\n<p><\/p>\n<p> \u00d6nskar antal parkeringsplatser:<br \/><span class=\"wpcf7-form-control-wrap parkingplaces\"><input type=\"text\" name=\"parkingplaces\" value=\"\" size=\"40\" class=\"wpcf7-form-control wpcf7-text wpcf7-validates-as-required\" aria-required=\"true\" aria-invalid=\"false\" \/><\/span> <\/p>\n<p><input type=\"submit\" value=\"Skicka\" class=\"wpcf7-form-control has-spinner wpcf7-submit\" \/><\/p<\/p>\n<div class=\"wpcf7-response-output\" aria-hidden=\"true\"><\/div><\/form><\/div><\/p>\n<\/div><\/div><\/div><div id=\"pgc-82-0-1\"  class=\"panel-grid-cell\" ><div id=\"panel-82-0-1-0\" class=\"so-panel widget widget_sow-image panel-first-child panel-last-child\" data-index=\"2\" ><div\n\t\t\t\n\t\t\tclass=\"so-widget-sow-image so-widget-sow-image-default-8b5b6f678277-82\"\n\t\t\t\n\t\t>\n<div class=\"sow-image-container\">\n\t\t<img src=\"https:\/\/domarringen.eu\/wp-content\/uploads\/2015\/06\/flytta.png\" width=\"450\" height=\"276\" srcset=\"https:\/\/domarringen.eu\/wp-content\/uploads\/2015\/06\/flytta.png 450w, https:\/\/domarringen.eu\/wp-content\/uploads\/2015\/06\/flytta-300x184.png 300w\" sizes=\"(max-width: 450px) 100vw, 450px\" alt=\"\" loading=\"lazy\" \t\tclass=\"so-widget-image\"\/>\n\t<\/div>\n\n<\/div><\/div><\/div><\/div><\/div>","protected":false},"excerpt":{"rendered":"<p>I samband med flytt I samband med \u00e4garbytet s\u00e5 ska vattenf\u00f6rbrukningen st\u00e4mmas av, s\u00e5 att b\u00e5de du som l\u00e4mnar din fastighet och de nya \u00e4garna debiteras f\u00f6r korrekt f\u00f6rbrukning. L\u00e4s av vattenm\u00e4taren dagen f\u00f6r \u00e4garbytet. Vi ser g\u00e4rna att gamla och nya \u00e4garna p\u00e5 egen hand reglerar den f\u00f6rutbetalda m\u00e5nadsavgiften, samt avgift f\u00f6r eventuell parkering. [&hellip;]<\/p>\n","protected":false},"author":1,"featured_media":0,"parent":0,"menu_order":0,"comment_status":"closed","ping_status":"closed","template":"templates\/template-full-notitle.php","meta":{"_mi_skip_tracking":false},"_links":{"self":[{"href":"https:\/\/domarringen.eu\/index.php\/wp-json\/wp\/v2\/pages\/82"}],"collection":[{"href":"https:\/\/domarringen.eu\/index.php\/wp-json\/wp\/v2\/pages"}],"about":[{"href":"https:\/\/domarringen.eu\/index.php\/wp-json\/wp\/v2\/types\/page"}],"author":[{"embeddable":true,"href":"https:\/\/domarringen.eu\/index.php\/wp-json\/wp\/v2\/users\/1"}],"replies":[{"embeddable":true,"href":"https:\/\/domarringen.eu\/index.php\/wp-json\/wp\/v2\/comments?post=82"}],"version-history":[{"count":19,"href":"https:\/\/domarringen.eu\/index.php\/wp-json\/wp\/v2\/pages\/82\/revisions"}],"predecessor-version":[{"id":675,"href":"https:\/\/domarringen.eu\/index.php\/wp-json\/wp\/v2\/pages\/82\/revisions\/675"}],"wp:attachment":[{"href":"https:\/\/domarringen.eu\/index.php\/wp-json\/wp\/v2\/media?parent=82"}],"curies":[{"name":"wp","href":"https:\/\/api.w.org\/{rel}","templated":true}]}}